is divided by 192.
190
Calculate the remainder when 17168 is divided by 4287.
20
Calculate the remainder when 81590 is divided by 31.
29
Calculate the remainder when 41508 is divided by 120.
108
Calculate the remainder when 5177 is divided by 518.
515
Calculate the remainder when 562 is divided by 272.
18
What is the remainder when 9644 is divided by 20?
4
Calculate the remainder when 215685 is divided by 187.
74
What is the remainder when 9986 is divided by 105?
11
What is the remainder when 721 is divided by 395?
326
Calculate the remainder when 697886 is divided by 452.
450
What is the remainder when 262443 is divided by 41?
2
What is the remainder when 2210 is divided by 505?
190
Calculate the remainder when 6549 is divided by 72.
69
What is the remainder when 74630 is divided by 249?
179
What is the remainder when 4942 is divided by 295?
222
Calculate the remainder when 15734 is divided by 529.
393
What is the remainder when 11860 is divided by 2314?
290
What is the remainder when 2901 is divided by 195?
171
What is the remainder when 599 is divided by 228?
143
What is the remainder when 12969 is divided by 206?
197
What is the remainder when 13611 is divided by 148?
143
What is the remainder when 116879 is divided by 7791?
14
What is the remainder when 9309 is divided by 2006?
1285
What is the remainder when 363405 is divided by 149?
143
What is the remainder when 84013 is divided by 119?
118
What is the remainder when 211873 is divided by 754?
753
What is the remainder when 7019 is divided by 1705?
199
Calculate the remainder when 13090 is divided by 595.
0
What is the remainder when 5011 is divided by 42?
13
What is the remainder when 3691 is divided by 1841?
9
What is the remainder when 975188 is divided by 226?
224
What is the remainder when 46384 is divided by 350?
184
What is the remainder when 7328 is divided by 662?
46
Calculate the remainder when 66931 is divided by 11148.
43
What is the remainder when 23796 is divided by 1487?
4
Calculate the remainder when 4064 is divided by 292.
268
Calculate the remainder when 722521 is divided by 11.
8
What is the remainder when 8717 is divided by 55?
27
Calculate the remainder when 15 is divided by 4.
3
What is the remainder when 401872 is divided by 21?
16
Calculate the remainder when 58761 is divided by 74.
5
Calculate the remainder when 49534 is divided by 516.
514
Calculate the remainder when 3935 is divided by 955.
115
What is the remainder when 27198 is divided by 13599?
0
What is the remainder when 1258 is divided by 139?
7
Calculate the remainder when 46045 is divided by 14.
13
What is the remainder when 1649013 is divided by 888?
885
Calculate the remainder when 84225 is divided by 31.
29
Calculate the remainder when 1695 is divided by 166.
35
Calculate the remainder when 2894 is divided by 1415.
64
Calculate the remainder when 191627 is divided by 107.
97
What is the remainder when 12775 is divided by 1729?
672
What is the remainder when 4078 is divided by 329?
130
What is the remainder when 7983 is divided by 7957?
26
Calculate the remainder when 88366 is divided by 8033.
3
What is the remainder when 4244 is divided by 4?
0
What is the remainder when 789596 is divided by 600?
596
What is the remainder when 2335 is divided by 346?
259
Calculate the remainder when 445332 is divided by 3.
0
What is the remainder when 5765 is divided by 828?
797
Calculate the remainder when 457840 is divided by 22.
20
What is the remainder when 4309 is divided by 622?
577
What is the remainder when 3368791 is divided by 286?
283
Calculate the remainder when 41313 is divided by 4589.
12
Calculate the remainder when 4579 is divided by 8.
3
What is the remainder when 8199 is divided by 546?
9
What is the remainder when 1037 is divided by 1003?
34
Calculate the remainder when 126959 is divided by 948.
875
What is the remainder when 257031 is divided by 28558?
9
What is the remainder when 15166 is divided by 286?
8
Calculate the remainder when 2474 is divided by 454.
204
What is the remainder when 25389 is divided by 188?
9
What is the remainder when 222632 is divided by 728?
592
Calculate the remainder when 47936 is divided by 23893.
150
What is the remainder when 1319 is divided by 1290?
29
Calculate the remainder when 269088 is divided by 602.
596
Calculate the remainder when 10281 is divided by 422.
153
Calculate the remainder when 6802 is divided by 2248.
58
What is the remainder when 43499 is divided by 1722?
449
Calculate the remainder when 273252 is divided by 862.
860
What is the remainder when 32767 is divided by 10?
7
Calculate the remainder when 345913 is divided by 49412.
29
Calculate the remainder when 15153 is divided by 1090.
983
What is the remainder when 199450 is divided by 2266?
42
What is the remainder when 9290 is divided by 1354?
1166
What is the remainder when 1252677 is divided by 156?
153
Calculate the remainder when 5560 is divided by 14.
2
Calculate the remainder when 5582 is divided by 668.
238
Calculate the remainder when 17549 is divided by 73.
29
Calculate the remainder when 366720 is divided by 1920.
0
What is the remainder when 8717 is divided by 34?
13
What is the remainder when 17659 is divided by 631?
622
Calculate the remainder when 2527 is divided by 812.
91
What is the remainder when 5084 is divided by 177?
128
What is the remainder when 65704 is divided by 16426?
0
What is the remainder when 1132 is divided by 109?
42
What is the remainder when 172673 is divided by 86266?
141
What is the remainder when 7160 is divided by 1410?
110
Calculate the remainder when 166268 is divided by 16.
12
Calculate the remainder when 3814845 is divided by 592.
589
Calculate the remainder when 8100 is divided by 1008.
36
Calculate the remainder when 8468 is divided by 4216.
36
What is the remainder when 206404 is divided by 561?
517
What is the remainder when 31909 is divided by 4557?
10
What is the remainder when 19845 is divided by 99?
45
What is the remainder when 20784 is divided by 27?
21
What is the remainder when 31739 is divided by 15?
14
What is the remainder when 52761 is divided by 533?
527
Calculate the remainder when 18359 is divided by 3059.
5
Calculate the remainder when 1888 is divided by 917.
54
Calculate the remainder when 9874 is divided by 349.
102
What is the remainder when 37949 is divided by 16?
13
What is the remainder when 1742 is divided by 258?
194
What is the remainder when 799547 is divided by 49?
14
What is the remainder when 119237 is divided by 220?
217
What is the remainder when 1087 is divided by 19?
4
What is the remainder when 9330 is divided by 4545?
240
What is the remainder when 60585 is divided by 54?
51
Calculate the remainder when 8904 is divided by 2857.
333
Calculate the remainder when 329200 is divided by 19364.
12
What is the remainder when 4547 is divided by 4339?
208
Calculate the remainder when 569764 is divided by 84.
76
Calculate the remainder when 3450245 is divided by 58.
57
Calculate the remainder when 20977 is divided by 851.
553
Calculate the remainder when 1809758 is divided by 949.
15
Calculate the remainder when 1772 is divided by 632.
508
What is the remainder when 1769 is divided by 331?
114
What is the remainder when 720 is divided by 209?
93
What is the remainder when 144959 is divided by 24?
23
What is the remainder when 16636 is divided by 290?
106
Calculate the remainder when 483168 is divided by 175.
168
Calculate the remainder when 8127 is divided by 552.
399
What is the remainder when 54234 is divided by 21?
12
Calculate the remainder when 152712 is divided by 664.
656
What is the remainder when 1293 is divided by 283?
161
What is the remainder when 8637 is divided by 240?
237
Calculate the remainder when 36374 is divided by 86.
82
What is the remainder when 2580 is divided by 1350?
1230
What is the remainder when 596 is divided by 73?
12
Calculate the remainder when 2292 is divided by 398.
302
What is the remainder when 204221 is divided by 16?
13
What is the remainder when 427174 is divided by 18?
16
Calculate the remainder when 477 is divided by 215.
47
Calculate the remainder when 1133 is divided by 580.
553
What is the remainder when 31025 is divided by 940?
5
What is the remainder when 585357 is divided b